11474. Is u a composite number?
False
Is (17 - 186)/13 + 253320 a composite number?
False
Let o(a) = 10*a + 37. Let y be o(-5). Let i(c) = c**3 + 19 + 19*c - 4*c + 10 + 30*c**2. Is i(y) prime?
True
Suppose -132*w - 48628427 - 137191746 = -503*w. Is w a prime number?
False
Suppose -c = -3*j - 3879, 3*c + 5*j = -0*j + 11623. Let r = 5404 - 7803. Let n = r + c. Is n a composite number?
True
Suppose -u - 3637 + 83434 = 3*g, 159594 = 2*u + 5*g. Suppose 2*d + 22775 = u. Is d prime?
False
Let h(r) = -2628*r**3 - 10*r**2 - 26*r + 38. Is h(-3) composite?
True
Let v = -272 - -265. Let z(d) = -25*d**3 + 16*d**2 + 5*d + 3. Is z(v) prime?
False
Let d(j) = 32*j**2 + 8*j - 66. Let p be d(4). Suppose 0 = -12*r + p - 394. Is r a prime number?
True
Let n(o) = -o**2 + 2*o + 20. Let a be n(-3). Suppose a*h - 53188 = 34147. Is h composite?
False
Let v = 2474 + -5572. Let t = -1387 - v. Is t a prime number?
False
Let x = -1527 - -23582. Suppose -3*u + x = 7472. Is u composite?
False
Let j(a) = -235*a - 19. Suppose 4*u = 7*u + l + 3, 3*l - 7 = -u. Is j(u) composite?
True
Suppose z - 9 = q + 3*q, 2 = -q. Let l(p) = 782*p**2 - 4*p + 1. Let d be l(z). Let y = d - -800. Is y prime?
True
Let a be 2 + 11/(-5) - 16016/(-80). Let y(w) = 20*w + 1 - 16*w + a*w**2 - 8 + 647*w**2. Is y(2) a prime number?
True
Suppose -16 = w - 5*w. Let u(b) = -2*b**3. Let j be u(-1). Suppose -z = 2, -3*o = -j*o - w*z - 4693. Is o prime?
False
Suppose 64*i - 1395724 = 20*i. Is i prime?
True
Suppose 4*i + 3*p - 189785 = 2*i, -4*i - 4*p = -379584. Is i a prime number?
True
Let s(m) = m**2 + 3*m + 2. Let r be s(-3). Is r*((-25599)/(-6))/7 a prime number?
False
Suppose -39 = -2*v + 17. Let g(m) = -m**3 + 29*m**2 + 2*m - 25. Is g(v) composite?
True
Suppose -103*b = 71*b + 100*b - 32113622. Is b composite?
False
Suppose -180 = 2*o - 8*o. Let s be 1/5 + 72804/o. Is s*((-1)/(-3))/1 a prime number?
True
Let x = 131330 - -390311. Is x a composite number?
False
Suppose 2*s + 3*s = -3*v + 51285, 3*v = 7*s - 71799. Suppose 4*r = -5*a + 6*a - 2069, 2*r = -5*a + s. Is a prime?
True
Suppose 3*p + 660 = -p. Let u(q) = 4*q**3 - 8*q**2 - 4*q + 10. Let c be u(2). Is -1 + 6/c - p a composite number?
False
Let y(g) = 2*g - 28. Let k = -12 - -25. Let u be y(k). Let a(r) = -245*r - 5. Is a(u) prime?
False
Suppose -16*z - 2*z + 1351050 = 12*z. Is z a prime number?
False
Suppose 1 = 4*w - 11. Let y be w/((6/(-16))/((-5)/(-10))). Is 262*(y - (-60)/8) prime?
False
Let c = 69 + -69. Suppose -4*x + 4*j + 832 = 0, 5*j - 7 + 22 = c. Is x composite?
True
Suppose 5*n - 22765 - 1744 = 3*w, 3*w + 19609 = 4*n. Let u = n - -1185. Is u prime?
False
Let o be 3445/13*(-1)/(-5). Let c = -47 + o. Suppose k = 473 + c. Is k composite?
False
Let j be (140/30)/(4/126). Suppose 463 + j = 3*p - 2*g, -5*g + 1000 = 5*p. Is p composite?
True
Suppose 0 = 4*z + 2*v + 58, 4*v - 10 = -3*z - 56. Is 788 - (3/4)/(z/56) prime?
False
Let l = 2 + -5. Is 1/(27590/(-27595) + l + 4) prime?
True
Suppose s = -z + 47318 + 88356, 5*z + 3*s - 678364 = 0. Is z prime?
True
Suppose 11 = 5*x - 9. Let a be ((-42)/(-6) - 10) + (-906)/1. Is x + 0 + a/(-3) prime?
True
Suppose 2*a + 3*a - 897757 + 104022 = 0. Is a prime?
True
Suppose -54*v - 93908 + 189995 = -247299. Is v composite?
False
Suppose 0 = 5*m + a - 13, 0*m - m + 4*a = 10. Let n be (-7)/m*128/(-112). Suppose -n*b + 1765 + 4095 = 0. Is b a composite number?
True
Suppose a + 3*s - 2*s = 3, -a = 4*s + 6. Suppose -a*l = -98 - 274. Suppose 59*f - l*f = -357. Is f a prime number?
False
Let a = -129692 + 185243. Is a composite?
True
Let o = -570 + 837. Let r = o - -106. Is r a composite number?
False
Let b = 70998 - 33899. Is b prime?
False
Let a(l) = -991*l + 5. Let v(i) = 2*i - 1. Let g(f) = 3*a(f) + 3*v(f). Is g(-3) prime?
False
Let h = -70385 + 676764. Is h a prime number?
True
Let x be 3/(7/(1190/15)). Let i be (-4)/x*1 - 28528/272. Is 106*(i/(-56))/((-6)/(-8)) a composite number?
True
Let h = -7914 + 2374. Let t = h - -9129. Is t a prime number?
False
Let n(a) = -521*a + 226. Let v(f) = -1566*f + 676. Let r(h) = -11*n(h) + 4*v(h). Is r(-11) prime?
False
Suppose -166*d = -157*d - 467307. Is d a prime number?
False
Suppose o + c = 540229, 21*o - 25*o + 5*c + 2160952 = 0. Is o a composite number?
False
Suppose -2*m + 27 = -r + 3, -m - 3*r + 26 = 0. Let k(s) = 22*s**2 - 27*s + 19. Is k(m) a prime number?
False
Is -15*(-2)/(-135) + 303329/9 prime?
True
Let i(m) = 84122*m**2 + 741*m + 2234. Is i(-3) prime?
True
Let n(d) = -4*d + 145 - 68 + 20*d. Is n(31) composite?
True
Suppose -a + 27 = -q + 7, 3*q = -3*a + 78. Let u = -21 + a. Is u*(0 - (-23)/2) composite?
False
Let s(y) be the third derivative of 4*y**5/5 - 11*y**3/6 + 2*y**2. Let n(w) = 4*w**3 - 5*w**2 - 3*w + 1. Let z be n(-1). Is s(z) composite?
True
Let m = 35 - 33. Suppose -4*z = -m*z + 2. Is ((0 - z)*-1438)/(-1) a prime number?
False
Let u(f) = 4988*f**2 + 2*f + 1. Suppose 2*x - 10 - 36 = -4*c, 3*x = -3*c + 27. Suppose 4*l + c = -3*z, -5*z = -0*l + 5*l + 15. Is u(z) prime?
False
Suppose -6762 = 4*r + 2*x, -4*r + 3391 = -6*r + x. Let v = -612 - r. Is v prime?
False
Let c(x) = 25*x**2 - 365*x + 449. Is c(-46) prime?
True
Suppose 2 = 3*d - 7, 4*d = a + 12. Suppose 5*f + 25 = a, -q - f - 40 = 2*f. Is 5/q*2*-1895 composite?
True
Let z = 20170 + -29246. Let a = z - -24953. Is a a composite number?
False
Let u be 5 + (1 - 9)/4. Suppose 0 = u*z + 2*t - 143, 0 = z - t - 49 - 2. Is (5 - (-42)/(-6)) + z a composite number?
False
Let p = 1549264 - 498551. Is p prime?
True
Let w(o) = -o**3 + 5*o**2 - 4*o. Let s be w(4). Suppose s = -186*z + 185*z + 2769. Is 1 + (z - (6 + -3)) a composite number?
False
Suppose -5*v - 150820 = -5*k - 0*v, -5*k = v - 150802. Is k prime?
True
Is (7/3)/((-1)/134985*-5) composite?
True
Suppose -204157 = -28*w + 57223 + 378504. Is w composite?
False
Let v = -62 + 62. Suppose v = -3*t + 2*b + 5119, -4*b + 8561 = 3*t + 2*t. Is t a composite number?
False
Suppose 2*t + 4*d - 4 = 0, d - 1 = 1. Let s be -3*((-1012)/(-3) + t). Let z = s - -2385. Is z a composite number?
True
Suppose 4*v = 4, h - 5*v + 693 = 14804. Let o = h - -6923. Is o composite?
True
Suppose -3*g + 33465 - 6214 = i, 0 = g - 4. Is i composite?
False
Is -4762*19/(-14) + 352/1232 composite?
True
Let p(l) = 5*l**2 + 6*l - 43. Let j(f) = -5*f**2 - 4*f + 44. Let c(r) = 2*j(r) + 3*p(r). Is c(18) a prime number?
True
Let t(h) = 45*h**2 + 22*h + 540. Is t(31) prime?
False
Let o(i) = 8063*i**2 + i - 55. Is o(4) composite?
True
Let h = -21717 + 22231. Is h a composite number?
True
Let v = 662051 + -346888. Is v a prime number?
False
Let v(o) = -o**3 + 131*o**2 + 70*o + 39. Is v(44) composite?
True
Let l = 4355272 + -3001305. Is l composite?
False
Let f(u) = 1453*u**3 + 2*u**2 + 5*u - 1. Let d(m) = 3*m + 2. Let t be d(0). Is f(t) prime?
False
Is (-8 - 2) + (135 - -234036) prime?
True
Let a = 245604 - 125299. Is a composite?
True
Let x = -13 + 12. Is (x - ((-10)/5 - 1534))*1 a prime number?
False
Let l be (2 + -1)/(3/36*2). Suppose -g = -l*g + 14620. Suppose 1200 = 4*c - g. Is c composite?
False
Suppose -46*x + 2857969 = -9*x + 112*x. Is x a composite number?
False
Let w be (1 + 3/(-9))/(1/(-7677)). Let u be (-6)/4 + w/(-12). Suppose -3*y + 4*i = u - 2190, 0 = -y - 2*i + 585. Is y prime?
True
Is (6/(-2))/(-1*7/99701) prime?
False
Suppose 135*q = 3*v + 133*q - 1458841, 0 = -4*q + 4. Is v composite?
False
Let n(o) = -11*o + 5*o + 11*o - 3*o**3 + 32 - 7*o**2 + 16*o. Is n(-13) a prime number?
True
Let q be 4/(-9) + (-2921744)/(-126). Suppose -3*b + 8*u + 13923 = 4*u, -5*b + u + q = 0. Is b a prime number?
True
Let k(s) = 21*s**2 - 101*s - 2. Let d be k(5). Suppose 0 = -21*r + d*r + 71661. Is r a composite number?
False
Let f = 23 + -19. Let h be ((-264)/60)/((f/10)/(-1)). Suppose -h*p + 12*p - 802 = 0. Is p prime?
False
Let c be (7 - (2 + 8))/(6/(-542)). Suppose -w + 3*q + q = -c, -1323 = -5*w + 4*q. Suppose -i - 40 = -w. Is i a composite number?
False
Let t = 25 + -26. Let m(b) = 223*b**2 + b. Let y be m(t). Let q = y - -187. Is q a composite number?
False
Suppose -214*l - 2523697 = -225*l. Is l prime?
False
Let s(l) = l**2 - 7*l - 19. Let i be s(9). Let u be 5 + (5 + -10)*i. Suppose u*o - 4173 - 2517 = 0. Is o a composite number?
True
Let b(r) = 2835*r - 109. Is b(12) a prime number?
True
Sup